 the highest common factor of l and q.
51
Let v = 305 - 241. What is the highest common divisor of v and 48?
16
Suppose 2*l = -3*n + 2, 0*n + 6 = -l - 5*n. Suppose l*m = -0*m. Suppose -d + 14 = 3*k - 0, -4*d - k + 34 = m. Calculate the highest common factor of 32 and d.
8
Let q(m) = 15*m - 273. Let n be q(19). Calculate the highest common factor of n and 1524.
12
Let n = 21 + -14. Let c(a) = -10*a - a + 5*a + 3*a**2 + 0*a - 9. Let d be c(6). Calculate the highest common divisor of n and d.
7
Let q(i) = -182*i - 106. Let r be q(-1). What is the highest common divisor of 114 and r?
38
Let m = 224 + -185. Let r = 120 + -53. Let u = r - m. Calculate the greatest common factor of 56 and u.
28
Let d be 0 + -1 - ((-3)/3 - 36). What is the highest common divisor of 162 and d?
18
Let j = -28 + -335. Suppose 11*r + 4*g + 21 = 10*r, -4*r + 5*g = 0. Let a be j/r - (-69)/(-115). Calculate the highest common factor of a and 9.
9
Let t = 980 - 952. Let m be ((-63)/(-15))/((-2)/(-10)). What is the highest common divisor of m and t?
7
Suppose -3*f = -6, -f + 26 = 5*p + 2*f. Suppose q + 1 = p. Let w be -3 + q + (11 - 0). Calculate the highest common divisor of 88 and w.
11
Let o = 22 + 167. Suppose -194*a + o*a = -30. Calculate the highest common factor of a and 138.
6
Let m be (-1 - -7)*(-4 + 308/21). What is the highest common factor of 2 and m?
2
Suppose 0 = -2*b + 5*z, 3*z = -4*b - z + 28. Let r(g) = b - g + 5 - 6. Let n be r(-5). Calculate the greatest common factor of 72 and n.
9
Let p be 7/3 + (-7)/21. Let q(i) = 6*i**2 + 3*i**p - i**3 - i - i**2 + 10. Let b be q(8). What is the greatest common divisor of 2 and b?
2
Suppose -4*x = -n - 1057, -4*n = -x - 3*n + 265. What is the greatest common divisor of x and 12?
12
Let j be 1/(-2)*(-140)/(-10)*-3. What is the greatest common factor of j and 3?
3
Let n(h) = -4*h**2 + 2*h. Let c be n(1). Let s be (-24)/(-14) + c/(-7). Calculate the highest common factor of s and 2.
2
Suppose -5*v - 55 = -140. Suppose -22*g + v = -21*g. Calculate the highest common divisor of g and 34.
17
Let p(s) = -5*s - 7. Let c be p(-4). Suppose -c + 1 = -4*q. Let h be (0 + q)/((-1)/(-2)). Calculate the highest common divisor of h and 30.
6
Let s = 88 - 84. Suppose x = -s*w + 104, -x + 6*x - w = 457. What is the greatest common divisor of 23 and x?
23
Suppose 2795 = -4*m - 1669. Let r be (-10)/(-35) + m/(-14). What is the highest common divisor of 10 and r?
10
Let m(r) = -2*r**2 - r + 4. Let w be m(-5). Let u = w - -70. Let d be (68 - (2 + 2)) + -6. Calculate the greatest common divisor of d and u.
29
Let o(y) = 4*y + 14. Let r be o(-3). Let k(u) = 36*u**2 - u + 1. Let p be k(r). Calculate the greatest common factor of p and 13.
13
Let q(o) = 3*o - 39. Let h be q(23). Let f(u) = -6*u - 3. Let d be f(-3). What is the greatest common factor of h and d?
15
Let v = -1169 + 1173. What is the highest common divisor of v and 512?
4
Suppose 4*a + 1508 = 8*p - 4*p, 0 = -3*p + 5*a + 1141. Calculate the highest common factor of 60 and p.
12
Suppose 71*l + 56 = 75*l. Suppose -5 = -g + 2. Calculate the greatest common factor of g and l.
7
Let c be ((-54)/(-4))/(17/306). What is the highest common factor of c and 27?
27
Suppose 0 = 5*f - 4*w - 73, -w = 4*f - 0*w - 71. Suppose -66*b - r = -69*b + 252, 2*b - 167 = r. What is the highest common divisor of b and f?
17
Suppose -k - 118 = -3*p, -2*k = -k + 4. Calculate the greatest common divisor of p and 57.
19
Suppose -c - 25 = -4*w, 2*w + 2*c + 0*c = 20. Let f = 52 - w. Calculate the highest common divisor of f and 9.
9
Let u = 29 - 20. Let l be (-3)/3*1*u. Let k = 13 + l. Calculate the highest common divisor of 10 and k.
2
Let v be (4/6)/((-6)/(-36)). Suppose 3*q + 3*g - 48 = 0, -v*q - 62 = -7*q + 4*g. Suppose 4*i - 180 = -i. Calculate the greatest common divisor of i and q.
18
Let k(n) = -626*n + 12. Let m be k(-1). What is the greatest common factor of 22 and m?
22
Suppose 15*y - 1240 = 11*y. What is the highest common divisor of y and 124?
62
Suppose 0*m + 6 = 2*m. Let z be -3 - (8 - -4)/(-1). Let g be (3 - 33/z)*-18. Calculate the greatest common factor of g and m.
3
Suppose 0*x - 252 = 4*x. Let g be (-266)/(-18) - 14/x. Suppose -2*v + 6 = -0*v. What is the highest common divisor of g and v?
3
Suppose -2*b - 8 = -m + 5, 0 = -5*m + b + 56. Let r = -229 + 405. Suppose r = 4*w - 3*d, -23 + 67 = w + 2*d. Calculate the highest common divisor of w and m.
11
Suppose m - 23 + 7 = 0. Let n(u) = 78*u - 1184. Let s be n(16). What is the highest common divisor of m and s?
16
Suppose 3*f + 26 - 20 = 0, 4*f + 1520 = 4*z. Calculate the highest common factor of z and 18.
18
Let v be 210/45*15/(-2). Let u be (66/(-2))/(7/v). What is the greatest common factor of u and 15?
15
Let w = -1 + -2. Let h be w*3/(-9) + 69. Suppose -5*s = -72 + 22. Calculate the highest common factor of h and s.
10
Let f(o) = o**2 - 9*o + 9. Let a be f(6). Let q be 3*2*3/a. Let h be q*-1*(-561)/(-6). What is the highest common factor of 17 and h?
17
Let y(u) = 48*u**2 + 11*u - 1. Let o be y(-1). Suppose -2*j + 3*j - 12 = 0. What is the highest common factor of j and o?
12
Let w(d) = 16*d**2 + 1. Let z be w(2). Let p = -10 + 13. Let k be ((-13)/(-5) - p)*-65. Calculate the highest common divisor of z and k.
13
Let f(g) = -g**3 + 11*g**2 - 26*g - 1. Let c be f(7). What is the highest common factor of 2 and c?
1
Let w(o) = o**2 - 31*o + 378. Let c be w(22). Calculate the highest common factor of c and 48.
12
Let a(i) = -5*i**2 + 15*i + 2. Let o(q) = -4*q**2 + 15*q + 1. Let h(p) = 5*a(p) - 6*o(p). Let v be h(-13). Calculate the greatest common divisor of v and 20.
10
Suppose -2*i + 12 - 6 = 0. Suppose r + 5*s - i = 1, 0 = 5*r + s - 68. Calculate the greatest common divisor of 35 and r.
7
Let c be -21*112/(-20) + (-9)/15. Let i(s) = s**2 - 7*s - 9. Let p be i(-2). Calculate the highest common factor of p and c.
9
Suppose 3*h - 3*m - 75 = 0, 3*h + 4*m - 110 = -0*h. Suppose 0 = 4*b - 2*b - 14. Let f be (-1 + (-19)/(-7))*b. Calculate the greatest common factor of f and h.
6
Suppose 0 = -65*t + 2938 + 19812. Calculate the greatest common factor of 560 and t.
70
Let f = 20 - 22. Let o be (0/f + 23)*-1. Let l = o + 38. Calculate the greatest common divisor of 5 and l.
5
Let l = 1885 - 1131. Let h = -537 + l. Suppose -2*a = 5*z - 165, 4*a = 3*z - 5*z + 82. Calculate the highest common factor of z and h.
31
Suppose -60 = -4*o + 156. Suppose 3*z = -z + 144. What is the greatest common factor of o and z?
18
Let r = -226 - -248. What is the highest common divisor of r and 11?
11
Suppose y - 2247 = -3*s, -3*y + 2247 = 2*s + s. What is the highest common factor of 7 and s?
7
Suppose 5*l = 3*x - 6*x + 199, 69 = x + 3*l. Let v be 108/x*(-35)/(-2). Calculate the highest common divisor of 45 and v.
15
Let l be 2/(-1)*(-948)/(-24). Let r = 125 + l. Calculate the greatest common factor of r and 23.
23
Suppose 0*v = 3*l - v + 518, -2*l + 2*v - 340 = 0. Let q be 3 - ((-4)/8)/((-1)/l). Calculate the highest common divisor of q and 18.
18
Let p be (6 + -3)/(-3) + 3. Let f be (2 - -2)/(-1*p) + 3. What is the highest common divisor of 1 and f?
1
Let b be -1*(-56 - 1) - 3. Let q be 17 - 14 - -7*1. Suppose q*w = 6*w + 144. What is the highest common factor of b and w?
18
Suppose -5*i + 291 = 3*o, -2*i + 14*o = 12*o - 110. Calculate the greatest common divisor of 19 and i.
19
Let d(x) = x**3 - 7*x**2 + 8*x - 8. Let y be d(6). Let n be (65 - 5)*24/(-32). Let k be (y + 22/(-5))*n. What is the highest common divisor of k and 90?
18
Let d = -1146 + 1806. What is the greatest common factor of d and 396?
132
Let d(j) = 3*j**2 + 6. Let k be d(-4). Let c = 17 - -1. What is the greatest common divisor of k and c?
18
Let t(w) = 15*w. Let o be t(4). Suppose 0 = 2*x + 4*n - 12, -2*x = 5*n - 0*n - 15. Suppose x = -6*d + 69 + 3. Calculate the highest common divisor of d and o.
12
Let v(d) = -d**2 + 21*d - 41. Let a be v(18). Let c(p) = 14*p**2 - p. Let w be c(1). What is the highest common divisor of a and w?
13
Let m = -56 + 59. Suppose m*q + 31 = 76. Let k(g) = 33*g + 3. Let w be k(4). What is the greatest common factor of q and w?
15
Let h(p) = -13*p - 34. Let q be h(-16). Let s = 282 - q. What is the greatest common factor of s and 12?
12
Let o(t) = -30*t**3 + 3*t**2 + 4*t + 3.